 - -1327. Suppose i + 3*i = f. Is i a prime number?
False
Let y(n) = -2*n**3 + 2*n**2 + 6*n + 6. Let k be y(-7). Suppose -d + k = -163. Is d composite?
False
Let m(a) = 8*a**3 - 11*a**2 + 8*a + 2696. Let b(l) = -3*l**3 + 4*l**2 - 3*l - 899. Let h(v) = 11*b(v) + 4*m(v). Is h(0) a prime number?
False
Let f(x) = -3*x - 66. Let t be f(-15). Suppose 0*l - 4*l = 352. Let n = t - l. Is n a prime number?
True
Suppose -5*f + 1 = -4*w, -4*w + 5 - 4 = -3*f. Let h be (f*-1)/((-13)/(-1079)). Is h*((-3 - -5) + -3) a composite number?
False
Let u = -28 - -14. Is (-51746)/u + -1 - (-8)/(-56) prime?
False
Let z = 33 - 31. Suppose a = 2*p + 455, -z*a + 425 = 3*p - 471. Is a a composite number?
True
Let m be 1/(77104/25700 - 3). Suppose 0 = 57*n - 52*n - m. Is n a composite number?
True
Let g(m) = 176*m + 5. Let n(z) = 175*z + 4. Let c(r) = -4*g(r) + 3*n(r). Is c(-3) composite?
True
Let m = -32057 + 45808. Is m prime?
True
Is (2/3)/((-753594)/107658 - -7) a composite number?
False
Let p be (-3)/9 + 26/6. Suppose p*n = -0*n - 512. Let v = 267 + n. Is v prime?
True
Let s = 24 - 13. Let o(a) = 5*a**2 + 16*a - 10. Is o(s) composite?
True
Let d be 8124/8 + 2*2/8. Let a = d - 511. Is a prime?
False
Let f = 10 + -4. Let a be (-1 - -1) + f/(-6). Is 4 - 2/a - -1 a composite number?
False
Let v(l) be the first derivative of -12 - 1/3*l**3 + l + 29/2*l**2. Is v(14) composite?
False
Let m(p) = 363*p + 22. Is m(5) prime?
False
Let o(l) = 11210*l**2 + 138*l + 137. Is o(-1) prime?
False
Let t(h) = -h**3 + 6*h**2 - 2*h - 12. Let s be t(5). Is ((-1376)/s - 3)*-3 a prime number?
False
Let q = 119 + -114. Is 2905/q - (1/(-1) + -1) a composite number?
True
Suppose -3*z + 5*m = -0*z - 59582, -99297 = -5*z + 2*m. Is z a composite number?
True
Suppose -x - x + 2 = -3*y, 5*y + 15 = x. Let o be 0 + (-2*310)/y. Suppose -2*s + 7*s - o = 0. Is s a prime number?
True
Suppose -2*d = -3*d - 34. Is ((-106)/(-4))/((-17)/d) prime?
True
Is 8*(-510)/(-6) + -1 a prime number?
False
Suppose 24*h - 44*h = -465620. Is h composite?
True
Suppose 106630 = 6*x - 130556. Is x composite?
True
Suppose j + 76 = 5*j + 4*f, 2*f = -j + 23. Suppose 4985 - 1905 = 2*y. Is y/j + (-1)/(-3) prime?
True
Let f be (-6)/(-9)*(-18)/(-4). Suppose -5*q + 8 - f = 0. Is -1*(q - (0 - -80)) prime?
True
Let b = 3626 - 2399. Is b a prime number?
False
Let z(l) = l**3 + 9*l**2 - 6*l - 6. Let q be z(-8). Suppose 3*t = -4*j + 247, t = 4*t - 3*j - 261. Let h = q + t. Is h prime?
True
Suppose 2*x = 2*k + 2, 2*x + 11 = x - 2*k. Let q(u) = -145*u + 9. Let a(z) = 29*z - 2. Let f(c) = -11*a(c) - 2*q(c). Is f(x) a prime number?
False
Let j be 8/2 + 12/3. Suppose j*c - 870 = 2*c. Is c prime?
False
Let y(o) = -o**3 + 45*o**2 - o + 14. Is y(11) composite?
True
Let d be 2 - (-3 + 0/1). Suppose 5*g = d, 5*g - g = 3*i - 479. Is i composite?
True
Let j be 318 - (0 + -1 + (-6 - -10)). Suppose -4*n = -0*d - d - 1270, n + d = j. Is n a composite number?
False
Let v be 0*(-5)/20*1. Suppose -5*b - 3*q + 4784 = v, 4*b + 0*q - 3823 = -q. Is b a composite number?
True
Let m(w) = 25*w**3 - 4*w**2 + 7*w. Let y(c) = -c**2 + c + 1. Let z(s) = -m(s) + y(s). Is z(-4) composite?
True
Let f(d) be the second derivative of 94*d**3 - 7*d**2/2 + 25*d. Is f(4) prime?
False
Let o(f) = 3*f + 23. Is o(-4) a composite number?
False
Let u be (-4)/(-6)*(432 - -3). Suppose -u = -0*c - 2*c. Suppose 16*h - c = 15*h. Is h a prime number?
False
Let q be (-20)/(-6) - 4/3. Let n be (3 + -37)*(-1)/q. Suppose -o + n + 41 = 0. Is o prime?
False
Let x be (20/4)/((-4)/(-4)). Suppose 3*g + w - 637 = 0, x*w + 402 = -3*g + 5*g. Is g a prime number?
True
Let f = 7 - 3. Let u(b) = -6*b - 5*b**2 + 0*b**3 + f - 3 - b**3. Is u(-5) a prime number?
True
Let d be (-2506)/(-6) - (-4)/12. Suppose i = 549 + d. Is i a prime number?
True
Suppose -31*i + 12478 = -7393. Is i a composite number?
False
Suppose p - 5*q = 7, 3*p - 2 = -3*q - q. Suppose 5*f = p*h - 2498, 4*f = -5*h + f + 6307. Is h a composite number?
False
Let t(h) = 2*h**3 - 6*h**2 - 13 + 5*h + 2*h**3 + 4. Let f be t(7). Suppose 4*r + 0*g - f = -g, r + g - 273 = 0. Is r a composite number?
False
Is (-296154)/(-4)*12/18 composite?
True
Suppose 0*s = 4*s - i - 23, -5*i = -5*s + 40. Suppose -s*f + 0 - 30 = 0. Let n(k) = -3*k + 1. Is n(f) a composite number?
False
Let h(x) = -6*x + 1962*x**3 - 6*x - 4 - 1961*x**3 - 2*x**2. Is h(7) prime?
True
Let p be (10 - 13)*1/1. Is p/(-2) + ((-351)/(-2) - 0) a composite number?
True
Let v(q) = q + 14. Let r be v(-12). Is (3 - 5)/(r/(-1277)) a prime number?
True
Let a = 3 + 13. Let z = a - 12. Suppose -2*v + 3*v - 2*y = 12, y + 41 = z*v. Is v composite?
True
Suppose 3*r - 3*j = -2*j + 3775, 5*j + 20 = 0. Let d = r - 790. Is d composite?
False
Let q = 489 + -278. Is q/2*(17 - 13) prime?
False
Let c(z) = -z**2 - 28*z - 22. Let u be c(-27). Let g(t) = 17*t**3 + 6*t**2 + 3*t - 3. Is g(u) a prime number?
True
Let x = 11344 + 20755. Is x prime?
True
Let b(v) = -v - 12. Let z(y) be the second derivative of y**3/3 + 35*y**2/2 + 8*y. Let u(m) = -8*b(m) - 3*z(m). Is u(6) a composite number?
False
Suppose -5*u + 2*n + 91 = -0*n, 0 = 3*u + 3*n - 42. Suppose 2*h + 7 - u = 0. Suppose -484 = -3*j + h*l, -2*l - 226 = -3*j + 252. Is j composite?
True
Suppose 0*h + 2*h - 90 = 0. Suppose h = b - a, -b = -4*a - a - 45. Let u = b - -49. Is u a composite number?
True
Let q(n) = 811*n**3 + 3*n**2 + 6*n - 7. Let w(r) = 405*r**3 + 2*r**2 + 3*r - 4. Let k(j) = 3*q(j) - 5*w(j). Is k(1) a prime number?
True
Suppose -r + 7 = 3*p - 2*r, -p + r - 1 = 0. Let i(u) = u**3 + u**2 + u + 1. Is i(p) a prime number?
False
Let p be 12/(-7)*(-49)/14. Suppose -10*j + p*j = -2228. Is j prime?
True
Let a(y) = -125*y - 101. Is a(-12) composite?
False
Suppose -f - 2*f + 13 = -d, 0 = -4*d - 2*f + 18. Let n be 11/(-6)*-3*-14. Is (n/d)/7*-26 a prime number?
False
Is -4 - ((-224445)/51 + 10/(-85)) composite?
False
Let k = 6001 + -3368. Is k a composite number?
False
Let g = -33911 + 78540. Is g composite?
True
Let o(t) = 554*t - 3. Let s be 36/24*2/3. Is o(s) a composite number?
True
Let m = -84 - -89. Suppose -5*v + y = -12510, 0*v = m*v - 3*y - 12500. Is v a composite number?
False
Let m(a) = 32*a**3 + 30*a**2 - 20*a - 25. Is m(8) prime?
True
Let d = 17 + -15. Let l be (-266)/((-1)/(-1))*-1. Suppose w = -d*o + 511, 2*o - 3*w = o + l. Is o composite?
False
Let b(c) = -86*c - 61. Is b(-10) composite?
True
Let w(o) = 1774*o**2 - 28*o - 135. Is w(-4) prime?
False
Suppose -107*q + 27535 = -102*q. Is q a composite number?
False
Suppose -22 = -17*p + 17709. Is p a composite number?
True
Suppose 8878 + 256 = 2*o - 3*n, -4*n = 16. Is o a composite number?
False
Let f = -505 - -707. Suppose -f = -8*m + 2126. Is m composite?
True
Suppose 15 = -3*t, -1601 - 51 = -r - t. Is r composite?
False
Suppose -z = 3*w + 3 - 5, -5*z + 3*w + 46 = 0. Suppose 12*s - z*s = 8. Suppose 3*r + 5*k = 1340, 3*k - 39 = s*r - 926. Is r a prime number?
False
Let r = -655 + 3748. Is r a composite number?
True
Is 20/16*2*203124/15 a composite number?
True
Suppose 0 = 2*h - 5*h - 5*x + 80442, -5*x + 26804 = h. Is h a composite number?
True
Let b(n) = 151*n + 6. Let h(x) = -x - 1. Let c(d) = -b(d) - 3*h(d). Is c(-5) composite?
True
Suppose 2*h - 5175 = -h. Suppose 6*n - h - 2259 = 0. Suppose -3*m + 1343 = -c + 3*c, m = c - n. Is c a prime number?
False
Let i(j) = 391*j + 11. Let w be i(5). Suppose -7*c + 155 + w = 0. Is c prime?
False
Let i be (-5)/1 - (-20)/5. Let p be (i/3)/((-5)/(-60)). Is (1114 - -3)*p/(-4) composite?
False
Let l be 2 + (-1)/((-4)/16). Suppose 15 = l*k - k. Is k + (-3 - -1) - -12 a prime number?
True
Suppose 16*k = -168228 + 1741300. Is k a prime number?
True
Let f be 1 + 1/((-1)/21). Let x be (15/f)/((-6)/16). Suppose 0 = l + x*l + 5*y - 386, -3*y = -3*l + 378. Is l composite?
False
Let d be 1487*1 - (-5 - -1). Suppose 200 - d = -v. Is v prime?
True
Suppose 4*l + 3*v = 1900, -4*l - 2*v = -1978 + 78. Suppose 0 = -r + 6*r - l. Is r prime?
False
Suppose 5*b + 1118 = x, 0 = -5*x + 2*b + 8974 - 3361. Is x prime?
True
Let h = -6 + 18. Let d = 7 + h. Is d a prime number?
True
Suppose -3*t - 6 = -0*t, -u + 4*t = -554. Let x = u - -797. Is x a prime number?
False
Let t(q) = -2*q + 32. Let f be t(14). Suppose -f*g + 3387 = 5*y, 0 = 9*g - 11*g - 2*y + 1696. Is g a composite num